1. Let y be (-315)/j - 2/(-8). Suppose -y = -2*t + 8. Calculate the greatest common divisor of 18 and t.
6
Suppose -2*c + 15 = -55. Let q be -2*28/4*(-2)/4. What is the highest common factor of q and c?
7
Let i(o) = 5*o**2 - 4*o**2 + 1 + 10*o**2. Let h be i(-1). Calculate the greatest common factor of 108 and h.
12
Suppose 2*c = -2*u - 4 - 20, 3*u - 5*c = -20. Let f be (4/u)/((-9)/405). What is the greatest common factor of f and 2?
2
Let l(r) = r - 6. Let h be l(5). Let j be -1 + 1*(62 + h). Suppose -q - 4*q + j = 0. Calculate the highest common divisor of q and 84.
12
Let k = 27 + -3. What is the highest common factor of 36 and k?
12
Let g(r) = -r**2 + 8*r - 6. Let j = 10 - 4. Let q be g(j). Calculate the highest common divisor of q and 3.
3
Let z = 17 + -16. Calculate the greatest common factor of 11 and z.
1
Let i(r) = r**2 - 5*r + 4. Let o be i(4). Let a be 1 + -1 + (-480)/(-2). Suppose -a = -2*z - o*z. Calculate the greatest common divisor of 15 and z.
15
Let i be 144/81 - 4/(-18). Suppose c = i*o + 1, c - 7 = -2. What is the highest common divisor of o and 6?
2
Let w = -367 + 375. Suppose -u + 68 = 3*z - 7*z, 5*u + 3*z = 455. Calculate the highest common divisor of u and w.
8
Suppose -3*z - 180 + 564 = 0. Let v be 4/(-18) - z/(-9). Let t be (-2 - (-214)/6) + 92/69. Calculate the highest common factor of v and t.
7
Let c(x) = x**3 - 2*x**2 + 30. Let u be c(0). What is the highest common factor of u and 105?
15
Let t(l) = l**2 - l - 12. Let x be t(0). Let m = -2 - -1. Let q = m - x. What is the greatest common factor of q and 99?
11
Suppose -4*r - 2*k = -0*r + 2, -2*r - 4*k - 16 = 0. Let o be 2 + (r - 27/(-3)). Suppose -5*w + 2 = -o. Calculate the highest common factor of 15 and w.
3
Suppose 0 = -3*m - 0*m + 21. Let y(j) = -j**3 + 8*j**2 - 5*j - 4. Let d be y(m). Suppose -46 + d = -3*a. What is the highest common divisor of a and 96?
12
Let i = 9 - 17. Let u = 11 + i. Suppose -16 + 1 = -u*f. Calculate the greatest common factor of f and 40.
5
Let j = -18 - -22. Let u be 52*(1/j - -2). Let g be (1 + -2)/(1/(-13)). What is the greatest common divisor of g and u?
13
Suppose -4*b + 6 = 4*o - 134, -b + 15 = 5*o. Let h(d) = -1 - 4*d + 9*d + 0*d + 4*d. Let v be h(1). Calculate the highest common divisor of b and v.
8
Let c be -16*3*3/(-12). Let r be 5*((-3)/5 - -1). Suppose r*g = 39 - 15. What is the greatest common divisor of g and c?
12
Suppose -5*l + 8 = -2*g, g - 2 = -3*l - 6. Let c be ((-3)/g)/((-4)/(-96)). Calculate the highest common factor of c and 9.
9
Suppose 4*q + 3*v = 390, 70 + 37 = q - 4*v. Suppose t + q = 2*t. Suppose -a + 36 = 3*a. Calculate the greatest common factor of a and t.
9
Let p be 1 - 1 - (3 - 3). Let f(g) = -g**3 - g**2 + 8. Let k be f(p). Suppose 4*q = 8*q - 64. Calculate the highest common divisor of q and k.
8
Suppose 2*n - 87 = -5. Let w = -22 + n. Let a(b) = 37*b + 3. Let k be a(3). Calculate the greatest common factor of k and w.
19
Suppose 14*t = 15*t - 5. Calculate the greatest common divisor of 50 and t.
5
Suppose -3*p = -1 - 26. Suppose -4*w - 2*f = -32, -2*w - 4*f + 19 = -p. What is the greatest common factor of w and 9?
3
Let h be ((-12)/(-21) - 0)*14/4. Calculate the greatest common divisor of 14 and h.
2
Suppose 20 = p + m - 0*m, -3*p - m = -66. Calculate the greatest common divisor of p and 46.
23
Suppose -11*s + 5 + 83 = 0. Let d(c) = 10*c**2 + c - 2. Let m be d(2). Calculate the greatest common divisor of m and s.
8
Let y be 10/40 - (-838)/8. Calculate the highest common divisor of y and 15.
15
Let a = -6 + 9. Suppose 0 = -a*u + 51 - 12. Calculate the greatest common divisor of u and 13.
13
Suppose 2*p - 2 = 4*q, -p = 4*p - 5*q - 20. What is the highest common divisor of 56 and p?
7
Let q be -4*49/14*(-10)/4. What is the highest common divisor of 70 and q?
35
Let q(v) = v**3 + 9*v**2 - 4*v - 6. Let z be q(-9). Let h be 274/z + (-26)/195. What is the highest common divisor of 45 and h?
9
Let s(z) = 3*z**2 + 6*z + 4. Let p be s(-4). Let f = 17 + p. What is the highest common divisor of f and 5?
5
Suppose 4*j + 4*b = 12, 4*j - 8*j - 2*b + 12 = 0. Let y(v) = -v**2 + 2*v + 3. Let q be y(3). Let n = q + j. What is the greatest common divisor of 3 and n?
3
Let t = 421 + -174. Suppose 3*j + 4*u = t, -5*j + 421 - 16 = 5*u. Suppose -5*f - 3*o = -47, -4*f - 2 = -o - 26. What is the greatest common factor of j and f?
7
Suppose -4*a - 16 = 2*b, 2*b = -4*a - b - 18. Let j = a - -45. Suppose 5*o - 2*q = o + 20, -3*q - 24 = -5*o. What is the highest common divisor of o and j?
6
Let f = -1 + 5. Suppose 5*h = 5*t + 130, 4*h + f*t = 5*t + 107. Calculate the greatest common factor of h and 18.
9
Let c(q) = -q**2 + 8*q + 11. Let m be c(9). Suppose -l = m*l - 69. Suppose 2*b = -5 + l. What is the greatest common divisor of b and 81?
9
Suppose -2*r - 60 = -8*r. Suppose 2*h = -2*h - 156. Let g = h + 119. Calculate the greatest common factor of g and r.
10
Let m(n) = -n**3 + 5*n**2 - 5*n + 5. Let q be 7/1 - (3 - 0). Let f be m(q). Let l be (20*f)/(2 - 1). What is the greatest common factor of 180 and l?
20
Suppose -l + 39 = l + 3*q, 3*l = -4*q + 56. Calculate the highest common factor of l and 132.
12
Let l(f) = f**2 - 2. Let d be l(4). Let c = d + -5. Calculate the greatest common divisor of c and 3.
3
Let u(a) = 4*a - 1. Let x be u(3). Suppose b - 26 = -5*l, -28 = -2*b - 4*l + 6. What is the highest common divisor of x and b?
11
Suppose -3*g = -8*g + 10, 3*g - 91 = -5*i. Calculate the highest common divisor of 17 and i.
17
Suppose 8*v = 9*v - 18. Let n be (1 - 0)/((-3)/(-81)). What is the highest common factor of n and v?
9
Let y = 3 + 63. Calculate the greatest common factor of y and 6.
6
Let s = -47 + -23. Let t = 102 + s. Calculate the greatest common divisor of t and 8.
8
Let z = 2 + 8. Suppose 5*q + 25 = 5*h, -4*q = -h - q + 7. Suppose h*j - 240 = j. Calculate the greatest common divisor of j and z.
10
Let c be (-28)/(-21)*(-3)/(-2). Let t(r) be the first derivative of 37*r**3/3 - r**2 - r + 3. Let q be t(c). What is the highest common factor of q and 13?
13
Let k = 15 + -8. Suppose 5*f - 8 = k. Suppose -f = -c - 2*r - 7, 0 = -5*c - r + 7. Calculate the highest common divisor of c and 2.
2
Let n(y) = y**3 + 4*y**2 - y - 1. Let f be n(-3). Let v(z) = -5*z**2 - z + 11. Let p be v(0). What is the highest common divisor of f and p?
11
Suppose -4*x = -l - 22, 2*x - 16 = 4*l - l. Suppose x*w = -3*n + 30, n = -w - n + 13. Suppose 16 + 38 = w*z. What is the highest common divisor of 6 and z?
6
Suppose -x - 11 = 19. Let n = -17 - x. What is the highest common divisor of 39 and n?
13
Let w = 15 - -34. Let g = -2 - -9. Calculate the greatest common divisor of g and w.
7
Let m(l) = l**2 - 5*l + 7. Let f be m(6). Let z(s) = s**2 - 4*s - 8. Let r be z(7). Calculate the greatest common divisor of f and r.
13
Let k be 4/((-64)/(-220)) + 3/12. Let l(q) = -q**3 - 3*q**2 + 4*q + 2. Suppose -25 = 5*a - 5. Let c be l(a). Calculate the greatest common factor of c and k.
2
Let l be 67 - (-3 - (-2 - 0)). Suppose -6*n = -l - 40. What is the highest common factor of n and 45?
9
Let t(m) = -20*m + 37. Let l be t(-9). What is the highest common divisor of l and 31?
31
Let w(u) = 2*u**2 + 3*u - 5. Let v be w(5). Suppose -3*d + v = 2*d. Suppose x - 32 = 16. Calculate the highest common factor of d and x.
12
Let k = -1 - -5. Let l be (-2172)/(-30) - k/10. Let p be (-2)/3 + 29/3. Calculate the highest common divisor of l and p.
9
Let q be -4 + 14/(-2)*-4. Let y be 80/50*45/2. What is the highest common factor of q and y?
12
Let t be 6/8 - (5 - (-1540)/(-16)). Calculate the highest common divisor of t and 23.
23
Let a(k) = -k**3 + 3*k**2 + 4*k + 3. Let n be a(4). Let m = -3 + n. Suppose m*x = -x + 10. What is the greatest common factor of 15 and x?
5
Suppose -163 = -5*b - 3*h, -2*b + 2*h - h = -74. Calculate the highest common factor of b and 5.
5
Let l = -20 + 18. Let x be l/(-2 - 0) + 2. What is the highest common divisor of x and 1?
1
Let g be 0 + (-1)/1 + 5. Let t be (233 - g) + (0 - -1). Suppose -4*p - 22 = -t. What is the highest common factor of p and 13?
13
Let j(q) = -q + 15. Let x be j(4). What is the highest common factor of 77 and x?
11
Suppose 0 = -5*o - 2*y - 6, 5*y = 5*o - o - 15. Suppose o - 3 = -3*u. Let z be 0/u - (-1)/1. What is